e 1 - -10 - (6 + -8)*-2. What is x(j)?
-2
Let q(y) = 7*y + 2. Let j(k) = k. Let a(w) = -5*j(w) + q(w). What is a(-2)?
-2
Let a(i) = 3*i**2 - 27*i - 35. Let k(g) = -g**2 + 9*g + 12. Let l(y) = -4*a(y) - 11*k(y). Calculate l(6).
26
Let r(n) = n**3 - n**2 - 2*n - 1. Let x(w) = -2*w + 1. Let z be x(-1). Calculate r(z).
11
Let v(p) be the second derivative of -p**4/12 - 5*p**3/6 - 2*p**2 + p. Let c be v(-5). Let l(i) = -2*i + 7 - 5 + 0*i + 4*i. What is l(c)?
-6
Suppose 2*p = -0*p + 3*y - 9, 2*p - 4*y + 12 = 0. Let g(z) = p*z**2 + 4 - 2 + 3*z**2 - 4*z**2. Give g(2).
-2
Let m(o) be the first derivative of 1/4*o**4 + 6*o - 6 - 4/3*o**3 - o**2. Give m(4).
-2
Let s(d) = -d**2 + 3*d - 3. Let g = 6 - 3. Let h = 1 + g. Calculate s(h).
-7
Let q be -12*-3*2/12. Let r(b) = -b + 10. Give r(q).
4
Let w(u) = -6*u + 4. Let k(z) = -13*z + 9. Let b(y) = -3*k(y) + 7*w(y). Determine b(-2).
7
Let v(o) = -o**2 - o + 1. Let p(s) = -s**2 + 7*s - 5. Let c = 3 - -2. Let w be p(c). Let z(y) = -6*y**2 + 3*y - 2. Let d(a) = w*v(a) - z(a). Give d(5).
-8
Let n(t) = -t**2 + 3*t + 2. Let q(u) = 5*u**2 - 2*u + 3. Let y be q(2). Suppose -y = 4*w - 63. Let d(s) = s**2 - 12*s + 9. Let r be d(w). Give n(r).
-8
Let f(y) be the first derivative of y**5/30 + 5*y**4/24 - 2*y**3/3 - y**2/2 - 3. Let m(r) be the second derivative of f(r). What is m(-4)?
8
Let q be (-2)/(-7) + (-54)/42. Suppose x = -2*v - 7, -2*x + 6*v + 22 = v. Let g be (-1 - (q - -1))/x. Let c(b) = 7*b**3 - b**2 - b. Calculate c(g).
-7
Suppose -2*n + 2 = -4. Suppose n*w = 2*r - 1 - 3, 3*r - 9 = 3*w. Let a(z) = -9*z + 29. Let g(f) = -5*f + 15. Let s(m) = -4*a(m) + 7*g(m). Determine s(r).
-6
Let x(n) = n**2 + n - 1 + 0*n - 2. Let t(h) = -h**2 + 1. Suppose -5*c - 17 = -3*w, 4*c + 20 = -4*w - 0. Let g be t(w). Determine x(g).
-3
Let s(p) = 11 + p**2 - 55*p + 103*p - 57*p. Give s(8).
3
Suppose 5*j - 20 = 0, 5 = -u - 0*u + 3*j. Let i(c) = c**3 - 7*c**2 + 3*c - 10. Calculate i(u).
11
Let z(a) be the third derivative of -a**4/24 - a**3/3 - 9*a**2. Determine z(-2).
0
Let x(d) = -8*d - 2 + 2*d - 5*d + 4*d. Determine x(-2).
12
Suppose 0 = 6*x - 5*x + 3. Let q(c) = c**3 + 2*c**2 - 3*c + 4. Calculate q(x).
4
Let v(w) = w - 8. Suppose -3*u - 7 = -4*u. Calculate v(u).
-1
Let g(l) be the second derivative of -l**3/6 - 7*l**2/2 + 3*l. Suppose 4*y - 5*n = 41, -3*n + 0*n = 15. Let j be 3/y + (-12)/16. Determine g(j).
-7
Suppose -6 = -0*y - 2*y. Let c(b) = b**3 - 2*b**2 + 2. Determine c(y).
11
Let q(h) = h**3 - h**2 - h - 1. Let l = -1 - -4. Let m(r) = r**3 - 4*r**2 + 2*r + 1. Let s be m(l). What is q(s)?
-11
Let x(h) = -h**2 - 10*h + 12. Let k be x(-11). Let p be 1 + (-6)/k - -1. Let c(o) = o**3 + 4*o**2 - o - 2. Give c(p).
2
Let j(o) = o**3 + 8*o**2 - 2. Let u(q) = -3*q**3 - 24*q**2 - q + 7. Let z(d) = -17*j(d) - 6*u(d). Give z(-7).
-1
Suppose -7 = 3*n - 4*o, 0 = 3*o - 6*o + 12. Let p(m) = -m**2 + 3*m - 1. Give p(n).
-1
Let s be -1*-2*(-4)/(-8). Let k(d) = 2 - d + s + 7*d - d. Let o be 3/((-9)/(-2))*-3. Determine k(o).
-7
Let u(h) = -h + 1. Let w(a) = -3*a**3 + a**2 - 1. Let n be w(-1). Suppose 4*p + n = -33. Let o be (-68)/(-18) + (-2)/p. Give u(o).
-3
Let a(h) = -h**3 - 2*h**2 + 2. Let r(p) be the first derivative of p**2/2 - 13*p - 2. Let s be r(10). Determine a(s).
11
Let v(y) = 9*y - 15. Let p(r) = 4*r - 7. Let j(o) = 7*p(o) - 3*v(o). Give j(6).
2
Let y(x) = 2*x**2 + 5*x - 7. Let m(v) = v**2 - v. Let j(t) = -3*m(t) + y(t). What is j(5)?
8
Let c(x) = 12*x - 14. Let a(t) = -4*t + 5. Let p(u) = 17*a(u) + 6*c(u). Let i be p(1). Let g(m) = -m + 7. What is g(i)?
2
Suppose 0 = l + 3*q + 7, 3*l = -l + q + 37. Let v(r) = r**2 - 9*r + 6. Give v(l).
-2
Let p be 1/(3 + (-20)/7). Let r = p - 5. Suppose -4*o + 10 = r*a, a + 7 = -2*a + 5*o. Let n(y) = -5*y**3 + y**2. Calculate n(a).
-4
Let z be (-11)/3 - (-1)/(-3). Let p(b) = b**2 + b - 1. Let n(a) = 5*a**2 + a - 3. Let j = -15 - -9. Let o(f) = j*p(f) + n(f). Determine o(z).
7
Let h(v) = v - 2. Let y(k) = 2*k - 3. Let t(x) = -3*h(x) + 2*y(x). Calculate t(5).
5
Let z(o) = -16*o**3 + o**2 - 3*o. Let n(q) = -15*q**3 + q**2 - 4*q. Let j(m) = 3*n(m) - 4*z(m). What is j(1)?
18
Let n(k) be the second derivative of 0 - 1/3*k**3 - 1/12*k**4 - 1/20*k**5 - 3/2*k**2 - 2*k. What is n(-2)?
5
Let w = 13 + 3. Let h(v) = -6*v - w + 0*v + v**2 + 6*v. Determine h(0).
-16
Let o(t) = 1. Let p(f) = f - 12. Let a(g) = 6*o(g) + p(g). What is a(6)?
0
Let x(v) = -8*v + 1. Let n(y) = 17*y - 2. Let w(j) = 6*n(j) + 13*x(j). Calculate w(3).
-5
Let b(t) = 12*t**2. Let g be (-2 - -2)/(-3 - 0). Suppose g = -7*v + 3*v. Suppose -2*d - 3 + 1 = v. What is b(d)?
12
Suppose 3*z + 2*z = 0. Suppose -3*x + x - 2 = z. Let f(g) = -3*g**3 + g**2. Determine f(x).
4
Let a(z) = -3*z. Suppose q - 9 - 1 = -s, s + 8 = 5*q. Suppose 1 = -3*m + s. What is a(m)?
-6
Suppose -4*j + 4*z - 30 = 6*z, -5*z + 45 = -5*j. Let d = j - -14. Let r(s) = -6*s - 7 + 3*s**2 - 5*s**2 + 3*s**2. What is r(d)?
-7
Let m(d) be the third derivative of -d**5/60 + d**4/24 - 7*d**3/6 + 9*d**2. Determine m(0).
-7
Let l(m) = 2*m**2 + 4*m. Let r(j) = -j**2 - 3*j - 1. Let i(p) = 2*l(p) + 3*r(p). What is i(5)?
17
Let b(m) = m**3 + m**2 + m - 6. Let x = 0 - 1. Let y = x - 2. Let o = -3 - y. Give b(o).
-6
Let n(x) = x**3 + 4*x**2 - 12*x - 10. Let d(f) = -f**3 - 4*f**2 + 13*f + 11. Let o(z) = -6*d(z) - 7*n(z). What is o(-5)?
-1
Let n(t) = -t**3 - 6*t**2 - 8*t - 7. Suppose 0 = k + 2 + 3. Give n(k).
8
Let q(v) = -2*v - 2. Let t(w) = -w - 1. Let r(h) = q(h) - 3*t(h). Give r(3).
4
Let y(z) = 2*z - 5. Let r = -75 - -79. Calculate y(r).
3
Let t = 3 - 3. Suppose 3 = 3*m - 3. Let p(j) = -m*j + 0*j + j. Determine p(t).
0
Suppose 0*h + h - 3*f = -3, 0 = -3*f + 3. Suppose -3 = -2*d - 2*j + 5, 0 = -d + 3*j - 16. Let a(s) = s**2. Let w(k) = -1. Let t(v) = d*a(v) + w(v). Give t(h).
-1
Let b(f) = f**3 - 2*f**2 - 3*f + 4. Let l(c) = -2*c**3 + 2*c**2 + 5*c + 4. Let r be l(-1). What is b(r)?
4
Let u(i) = -5 + 3*i - 2 + 10. Determine u(-3).
-6
Let u(m) be the first derivative of m**6/120 + m**5/12 + m**4/4 + 5*m**3/6 - m**2 - 3. Let h(x) be the second derivative of u(x). Calculate h(-4).
-3
Let i(q) = q - 2. Let k(h) = -2*h + 5. Let b(t) = -7*i(t) - 3*k(t). Suppose -a = -6*a + 65. Suppose d + 4*c + a = 0, -d - 15 = c + 4*c. What is b(d)?
4
Let b(l) = 9*l**2 - l. Let i(p) = p**3 + 7*p**2 + p + 5. Let r be i(-7). Let g(m) = m**2 - 2*m - 3. Let x be g(r). Let u be x/3 + (-6)/9. Give b(u).
8
Let d(j) = j**3 - 5*j**2 - j. Let t(y) = -y**3 - 11*y**2 - 11*y - 6. Let x be t(-10). Let n be 2/x + 9/2. Calculate d(n).
-5
Let s(n) = n**3 + 4*n**2 + n + 5. Let j = -4 - -3. Let h be (-1 - 1 - j) + -3. What is s(h)?
1
Let q = -1 + 1. Let p = -5 - q. Let u(x) = x**2 + 5*x - 4. Give u(p).
-4
Let p(x) = x**2 - 5*x + 4. Let a be p(3). Let h(b) = 2*b + 1. Give h(a).
-3
Let o(x) = -x**2 + 3*x - 2. Let z(n) = -2*n**2 + 3*n - 1. Let k(y) = -3*o(y) + 2*z(y). Calculate k(-5).
-6
Let x be (-2)/(-3)*3 + 1. Suppose 0 = -x*q + 13 + 2. Let m(k) = k**3 - 6*k**2 + 6*k - 1. Determine m(q).
4
Let y = 5 + -3. Let a = -10 - -12. Let i(s) = -s - 5*s + a + 3*s. Calculate i(y).
-4
Let i(g) = 6*g - 41. Let l(y) = -y + 8. Let t(w) = -2*i(w) - 11*l(w). Give t(0).
-6
Let w = 18 - 12. Let q(t) = -t**3 + 7*t**2 - 4*t - 6. Give q(w).
6
Let l be 6/(-14) - 9/(-21). Let g(r) be the first derivative of -1/2*r**2 + 1 - 9*r. Calculate g(l).
-9
Suppose 0 = d + i + 2, -4*d - 3 = i + 8. Let g(w) = -2*w. Give g(d).
6
Let x(p) = 7 + p - 7. Suppose -2*y + 3*y - 57 = 0. Let k be y/(-15) - (-2)/(-10). Calculate x(k).
-4
Suppose r - 18 = 3*v, -7*r = -2*r - 2*v - 25. Suppose -5 = r*a + 7. Let g(i) = i + 7. Calculate g(a).
3
Let y(d) be the third derivative of d**4/24 + 2*d**3 + 51*d**2. Determine y(-9).
3
Let g(w) = w**2 + 7*w + 6. Suppose -2*m + 60 = m. Suppose -c - m = 4*c. Give g(c).
-6
Let m(y) = y**3 + y**2 + 8. Let u(a) = 3*a**2 - 5*a - a**2 + 0*a - 3*a**2. Let f be u(-5). Determine m(f).
8
Let y(o) be the second derivative of -o**5/20 - o**4/4 + o**2 - 28*o. Give y(-2).
-2
Let f(h) = -h**2 - 4*h - 6. Suppose -3*l - 4 + 13 = 0. Suppose -l*p = -7*p - 16. What is f(p)?
-6
Let c(p) be the third derivative of p**5/60 - p**4/6 + p**3/2 - p**2. Let b be c(2). Let o(i) be the third derivative of i**5/10 + i**2. What is o(b)?
6
Let a(f) = -2*f**3 - 2*f**2 + f - 1. 